 + 1964?
1972
In base 5, what is -2 - 1122233?
-1122240
In base 10, what is 8 - 4126?
-4118
In base 9, what is -48754 - -4?
-48750
In base 16, what is -89 - 2da?
-363
In base 15, what is -24 + 1451?
142c
In base 15, what is 12 + 450?
462
In base 11, what is 25656 - 2?
25654
In base 15, what is 1b - 9?
12
In base 15, what is -3 + 34be?
34bb
In base 14, what is 1d2 + -15?
1bb
In base 15, what is 2 + 262b6?
262b8
In base 10, what is 51653 + 3?
51656
In base 8, what is -14 + 101?
65
In base 16, what is -1d - -18cc?
18af
In base 13, what is 4 - -99ab7?
99abb
In base 15, what is 15799 + 40?
157d9
In base 10, what is 916022 - -2?
916024
In base 15, what is 164a + c5?
1720
In base 11, what is -232 + -374?
-5a6
In base 12, what is 446a55 - 4?
446a51
In base 13, what is -233 + 3cb?
198
In base 13, what is -34 - -1696?
1662
In base 6, what is -2050 + -42?
-2132
In base 10, what is -494 + 31?
-463
In base 10, what is -140 - -2236?
2096
In base 15, what is 4a - -38?
83
In base 2, what is 1101110101001110 - 100?
1101110101001010
In base 15, what is 7b77 - -8?
7b80
In base 16, what is -101 - -8a?
-77
In base 14, what is -394cc + -20?
-3950c
In base 16, what is efd46 + 2?
efd48
In base 2, what is -100001 + 10001000010110101?
10001000010010100
In base 5, what is 10 + 100423011?
100423021
In base 13, what is -4974 - -60?
-4914
In base 7, what is -30004 + -5?
-30012
In base 4, what is -11 - -3120112?
3120101
In base 6, what is -2 + -25454404?
-25454410
In base 6, what is -1543 - -4232?
2245
In base 7, what is -342 + -13013?
-13355
In base 6, what is 2 - 304?
-302
In base 6, what is 1310410 + -2?
1310404
In base 5, what is 32441 - 414?
32022
In base 7, what is -25464 + -1262?
-30056
In base 7, what is 10 - 5454?
-5444
In base 10, what is -5 - -54?
49
In base 5, what is 101244412 + -2?
101244410
In base 6, what is 11020 - 1221?
5355
In base 8, what is 1 + -1012024?
-1012023
In base 11, what is 79a7 + -21?
7986
In base 5, what is 1332130 - 10?
1332120
In base 2, what is 10000 + -1011001101?
-1010111101
In base 7, what is 3140 + -210?
2630
In base 9, what is -63 - -165?
102
In base 10, what is 0 - 124077?
-124077
In base 12, what is 803 - -33?
836
In base 2, what is -1 - -1010100100000110?
1010100100000101
In base 16, what is 58 - 77?
-1f
In base 7, what is 3541 - -13003?
16544
In base 16, what is -218 - 84?
-29c
In base 10, what is -134 + 249?
115
In base 9, what is -2200 + 2825?
625
In base 11, what is -42 - a15?
-a57
In base 3, what is -22 + 2020020020?
2020012221
In base 12, what is -8a48 - -4?
-8a44
In base 3, what is 11100011 + 10220?
11111001
In base 11, what is -433 - -630?
1a8
In base 5, what is -140432 + 21?
-140411
In base 12, what is -29780 - 6?
-29786
In base 16, what is 56a + a3?
60d
In base 4, what is -2130013 + -2?
-2130021
In base 14, what is 3 + -85b8?
-85b5
In base 2, what is 11100 - 100110010000001?
-100110001100101
In base 10, what is -5 + 16870?
16865
In base 13, what is -a11 + -77?
-a88
In base 8, what is 5 + -504556?
-504551
In base 5, what is -11 + 1310321?
1310310
In base 7, what is 1 + 1013355?
1013356
In base 15, what is -c63 + -1e1?
-e54
In base 8, what is 1125 + -1264?
-137
In base 15, what is -9 - 58c?
-596
In base 6, what is -14150 - -551?
-13155
In base 3, what is 1101000012 + 0?
1101000012
In base 15, what is a10 - -38b?
d9b
In base 9, what is 7720 + -2?
7717
In base 3, what is 202 + 12210110?
12211012
In base 8, what is -216 + 2000?
1562
In base 2, what is 111110110 + 10110010?
1010101000
In base 6, what is -2352 - -25?
-2323
In base 8, what is -317755 + -5?
-317762
In base 15, what is -12 + 2735?
2723
In base 14, what is -5 + -156467?
-15646c
In base 6, what is 11134544 + 4?
11134552
In base 8, what is -5 - 54105?
-54112
In base 10, what is 92771 + 10?
92781
In base 8, what is 1006565 + -3?
1006562
In base 11, what is -3 + -5493?
-5496
In base 14, what is 605 - -46?
64b
In base 12, what is -3283 + -3?
-3286
In base 4, what is 20 - -12232002?
12232022
In base 12, what is -173 + 53?
-120
In base 13, what is -4576 - 3?
-4579
In base 5, what is -12 - -231412?
231400
In base 11, what is -4 - -588a9?
588a5
In base 2, what is -1100001010010 - 0?
-1100001010010
In base 16, what is 5 + -57d?
-578
In base 4, what is -120010 - -12?
-113332
In base 10, what is 747 + -28?
719
In base 5, what is -3022 - 2230?
-10302
In base 12, what is -131a55b - -3?
-131a558
In base 6, what is 4 - 222552?
-222544
In base 8, what is 616516 + -12?
616504
In base 9, what is 16 - 276611?
-276584
In base 7, what is -5 - 56150?
-56155
In base 7, what is 6 - -33632?
33641
In base 7, what is 25332 - -1?
25333
In base 13, what is a753 + 4?
a757
In base 5, what is -10 - 22014002?
-22014012
In base 9, what is -5 + 3152?
3146
In base 5, what is -10 - -114130433?
114130423
In base 11, what is -10 - -312574?
312564
In base 14, what is -277 + -26d?
-506
In base 15, what is -c5 + -118?
-1dd
In base 4, what is -2 - 1020030031?
-1020030033
In base 3, what is -11 + 10001?
2220
In base 14, what is -5 - 284b?
-2852
In base 9, what is 2012 - 7?
2004
In base 16, what is -d1 - 729?
-7fa
In base 2, what is 11101101110100000000001 - 100?
11101101110011111111101
In base 10, what is -1220 + 23?
-1197
In base 9, what is -3051 + 2281?
-660
In base 15, what is 3 + -1a741?
-1a73d
In base 8, what is 17 + -263115?
-263076
In base 5, what is 1243 + 40204?
42002
In base 14, what is 8cc + 34?
922
In base 10, what is -5 - -12255?
12250
In base 14, what is 18a - 31?
159
In base 4, what is 1111023231 + -1?
1111023230
In base 2, what is 101011001101010 - 110?
101011001100100
In base 12, what is -8a0 + -3?
-8a3
In base 2, what is 111 - -1111011011000?
1111011011111
In base 11, what is 3 - -8a462?
8a465
In base 13, what is -4 + c317?
c313
In base 16, what is -43 + 3188?
3145
In base 16, what is -1165c + -1?
-1165d
In base 13, what is -c0256a - -2?
-c02568
In base 2, what is -11011111011111 - -1000?
-11011111010111
In base 16, what is 12 - d3a?
-d28
In base 9, what is 1244 - -13?
1257
In base 8, what is 16 - -3044?
3062
In base 9, what is 3418068 + -5?
3418063
In base 5, what is -10 - 1201012?
-1201022
In base 10, what is 8923497 + 1?
8923498
In base 16, what is 18 - -13c?
154
In base 5, what is 13120233 + -1?
13120232
In base 2, what is 1111101111111100100 + 11?
1111101111111100111
In base 7, what is 5 - -124633?
124641
In base 11, what is -53a - 24?
-563
In base 10, what is 103780 + -1?
103779
In base 14, what is -5 + -79658?
-7965d
In base 5, what is 11442 + 13004?
30001
In base 6, what is -2523040 - -1?
-2523035
In base 9, what is 2 + 13050?
13052
In base 8, what is -3 + 272750?
272745
In base 4, what is -1330 + -2132?
-10122
In base 16, what is -33 + -1515?
-1548
In base 4, what is 10 + -12220?
-12210
In base 3, what is -1 + 22201020?
22201012
In base 4, what is 223 + 210330100?
210330323
In base 8, what is -4 + 2147403?
2147377
In base 16, what is 10b9 + -8f?
102a
In base 13, what is a35 + -2b?
a07
In base 12, what is 53940 - 31?
5390b
In base 6, what is -5 - -10204?
10155
In base 8, what is -42331 + 6?
-42323
In base 13, what is 101c1 + -4?
101ba
In base 10, what is 7 + 366378?
366385
In base 16, what is 0 - e01f?
-e01f
In base 12, what is -3 + -2b507?
-2b50a
In base 14, what is -23644d + 1?
-23644c
In base 3, what is -1 + 1221202110200?
1221202110122
In base 2, what is -11 + 10011001111111111?
10011001111111100
In base 4, what is 22120210 + 23?
22120233
In base 14, what is 3d + -35?
8
In base 3, what is -2111201120 + 101?
-2111201012
In base 2, what is 1 - -10001110011001?
10001110011010
In base 14, what is 2b0 - -144?
414
In base 7, what is 0 - 2650215?
-2650215
In base 16, what is 40e4 + -4?
40e0
In base 4, what is -2102 - -103312?
101210
In base 13, what is -478a - 1?
-478b
In base 7, what is 545 - 662?
-114
In base 11, what is 4a9a + a6?
5095
In base 13, what is -5 + -1069?
-1071
In base 15, what is 3 + -6e48?
-6e45
In base 14, what is 5c01 + -155?
5a8a
In base 16, what is 7 + 24e40?
24e47
In base 16, what is 13e + -a3d?
-8ff
In base 11, what is 0 + -13a65?
-13a65
In base 7, what is -2 + 2655435?
2655433
In base 15, what is 16 + 1b7a?
1b91
In base 3, what is 112101112021 - 0?
112101112021
In base 10, what is -6089 - -2?
-6087
In base 10, what is -552 + 103?
-449
In base 13, what is -284